6)
7
Evaluate -9 + 2 - ((1 - (-8 - -6)) + -32).
22
Evaluate (12 - 2 - 0) + -19.
-9
Evaluate 3 - (-6 - (-1 + 5 + -3)).
10
What is -18 + (-6 - -13) - -2?
-9
What is 12 - (12 - (-4 + 3 - 24))?
-25
-22 - (26 - (2 + 21))
-25
Evaluate 15 - (-17 + 21 + 3).
8
Evaluate -16 - (1 - (-1 - -15)).
-3
22 + -11 - (4 - (-4 - 6))
-3
What is the value of -21 - (12 - ((11 - -9) + 4))?
-9
Evaluate (-1 - -4) + -7 + (5 - (-1 - 7)).
9
10 - (11 - 3) - 23
-21
Calculate (13 - -6 - 37) + 9 - -9.
0
Calculate (-8 + 3 - -9) + 9 - (1 + 3).
9
What is -16 - (-2 + (-3 - -1)) - -12?
0
What is (21 - 17) + -13 + 17 - (-1 - -2)?
7
Evaluate -7 - (-28 + 9) - 3.
9
What is 6 + (123 - 120) + 0 + -3?
6
Calculate -2 - -19 - (32 - 26).
11
What is the value of 6 + 34 + (-26 - 10)?
4
What is 0 + -7 + (-755 - -751)?
-11
Evaluate 11 - (-6 - (7 + -25)).
-1
What is the value of 0 + (21 - 23) - (-22 - -2)?
18
What is the value of -1 - (-2 - (0 - 4)) - (15 + -5)?
-13
What is the value of 54 - 60 - (-2 - -1)?
-5
Evaluate 6 - -7 - -6 - (6 - -1).
12
What is (14 - ((-14 - (-8 + 2)) + 1)) + 9?
30
Calculate (1 - 0) + 9 - (-33 + 24).
19
What is -25 - (-13 + 9 + -6)?
-15
What is the value of -5 + 0 - (-33 + 16 + 2)?
10
What is 12 - 1 - (5 + 0) - (0 + -5)?
11
Calculate (1 - 5) + (-1 - (-13 + 1)) - 5.
2
What is 52 + -45 - (4 + -8)?
11
What is -22 + 11 + (8 - (2 - (-1 + -12)))?
-18
What is 0 - 2 - -2 - 2 - (-140 + 132)?
6
What is the value of -20 + 40 + (19 - 22) + (-1 - 4)?
12
Calculate 2 - (-7 + 20 - 15) - -9.
13
What is the value of -1 + -5 + (6 - 3) - (40 - 58)?
15
Evaluate -2 - (13 + 2 + -8 - 22).
13
Evaluate (25 + 1 - (7 - (-9 - -9))) + -8.
11
Calculate 46 - 51 - (0 + -16).
11
Calculate 0 - 22 - (-496 - -486).
-12
(2 + -9 - 20) + 47
20
-1 - (-3 + 0 + -7) - 11
-2
What is the value of -631 + 669 + (1 - 62)?
-23
Evaluate -6 - (15 + 0 + (-28 - (2 + -30))).
-21
Calculate -21 + (-24 - 2) + 22.
-25
2 + 0 - (10 + 2 + -14 - -16)
-12
Evaluate (6 - -3) + (6 - 23).
-8
Calculate -1 + (5 + -2 + -7 - (0 - 6)).
1
Evaluate (4 - (-3 - -4)) + -14 + 1.
-10
Evaluate -6 - (8 + 2 - (8 + 3)).
-5
What is the value of 0 - 14 - (-5 - (12 + -13 + -4))?
-14
What is 10 - 14 - (4 - 19 - -6)?
5
Calculate (10 - (-2 + 8)) + 4 + 16.
24
What is -6 + 5 + -7 + 0 + 15?
7
What is the value of 8 + (11 + 4 + -8 - 22)?
-7
-15 - -23 - (4 + 0 + -6)
10
Calculate -20 - -31 - (-12 + 15).
8
Evaluate 1 + (-4 - (2 - (9 + 2))) + 3.
9
What is -2 + 3 + (-1 - -4)?
4
4 + (-2 - ((9 - (-9 + 12)) + -10))
6
Evaluate 25 - 3 - 8 - 14.
0
What is 13 + 15 + -12 - (-3 - -41)?
-22
What is the value of (-3 - -16) + (-59 - -52)?
6
What is -14 - (8 - (3 - -29))?
10
Evaluate 23 - ((-9 - -41) + -6).
-3
What is the value of -6 + -6 + (-9 - (2 - 11)) + 15?
3
Calculate -6 + 7 + 3 + (4 - (-5 - -2)).
11
Calculate -10 + (15 - 23) - -20.
2
Evaluate 23 - (-1 + 9) - 5.
10
14 + 6 - 43 - -19
-4
Evaluate -18 + 4 + 7 - (-15 - (2 - 1)).
9
What is the value of -5 - (-8 + 4 - ((4 - 7) + 4))?
0
What is the value of -13 + 9 + -13 - -3?
-14
What is the value of -26 + -18 + 34 - (-2 - (27 - -3))?
22
Calculate -7 - (6 + 7 - 13).
-7
What is the value of (7 - 10) + 1 + 8?
6
Calculate -170 - -173 - (-2 + 2 - (-2 - -1)).
2
Evaluate (-3 - (-15 - -13)) + -5 - 7.
-13
Evaluate -5 + 0 + -1 - (5 - 2).
-9
What is 5 + 2 + -1 - (-50 + 38 + -10)?
28
What is the value of 5 + (0 - (18 + -3)) - (12 + -12)?
-10
What is 7 + (1 - 5) + 1?
4
Calculate 4 - (9 + 0) - (-3 - (-6 + 11)).
3
What is -2 - (6 - 15 - 5)?
12
What is the value of -11 + (5 - -11) + -14 - 13?
-22
What is 17 + (30 - (47 + 6))?
-6
What is the value of 16 - (2 + -1) - (5 + 11 - 13)?
12
Calculate 10 - (9 + (2 - 4)).
3
Calculate 13 - (6 + -15 - -14).
8
-25 - (73 + -73 + -2 + -9 + 2)
-16
Evaluate (-4 - 0) + (-7 - -14 - -6) + 5.
14
What is the value of (0 - -6) + (26 - 28) + 1 + 3?
8
Evaluate -4 + 8 + -4 + 6 + -2 + -1.
3
112 + -143 + 62 - ((10 - -1) + -1)
21
What is the value of (-1 - 32) + 1114 + -1105?
-24
Evaluate 10 + (-7 + -9 - -18).
12
Evaluate -8 + 7 - 1 - (6 + 6 + -21).
7
Evaluate 10 + -18 + 15 - (19 + -2).
-10
Evaluate 9 + -15 + 2 + -10 - -2.
-12
What is the value of 0 - (-4 + 6) - ((-27 - -6) + -5)?
24
(10 - 8 - (3 - 5 - 3)) + 5
12
Evaluate 8 + (-32 + 8 + 4 - (0 + -4)).
-8
What is 2 + 2 + (-22 - -28) + (-7 - -1)?
4
What is -11 + (-12 - -45) - (-4 + 12)?
14
What is the value of (-25 - (-5 + -15)) + 5?
0
What is the value of -47 + 40 + -2 + 12 + -8?
-5
What is 67 - 62 - (0 + 1 - -33)?
-29
Calculate (6 - (-36 + 38 - (23 + 2))) + -9.
20
What is 5 - (-1 - (6 + -24))?
-12
What is the value of 411 - 397 - (11 - -1)?
2
Evaluate (28 - 29 - (6 + -1) - 3) + 37.
28
(-12 - -10 - (-2 - -5 - 1)) + 0
-4
Evaluate -9 + 1 + 15 - 18.
-11
Calculate 33 - ((36 - 57) + 48).
6
-12 + (-4 - -1 - (6 - 8))
-13
Calculate 3 - 3 - (18 + -34 + 20).
-4
What is the value of -14 + (1 - 1) + 13 + -2?
-3
What is (3 - (-1 - -3)) + -14 + 12?
-1
Calculate -15 - -3 - (-364 + 353).
-1
Calculate 960 + -954 + (-3 - 0).
3
What is 5 + (2 - (34 + -17)) + 35?
25
What is -7 + (27 - (9 + 8))?
3
What is the value of -22 + 16 + -7 + 43?
30
Calculate -19 - ((1 - -1) + -9 + (93 - 89)).
-16
7 - (-5 + 4 + -8 + 7 + -3)
12
Evaluate -12 - -7 - (-2 - (16 + -5)).
8
Calculate (-16 - -13) + 4 + 0 + 5.
6
Evaluate 17 + -27 - -2 - (-5 + -1).
-2
4 + -5 + -11 + -21 + 39
6
What is 10 + (-39 - -24) + -12?
-17
7 - ((-6 - (-2 + -7) - -6) + -1)
-1
Calculate (3 - 1) + -7 - (4 - 16) - 0.
7
50 - (163 - 120) - (0 - (1 + -24))
-16
(0 - -11) + 1 + -29 + (-17 - -23)
-11
What is the value of 56 + -55 - (-2 - 7)?
10
Evaluate (-6 - 6) + (19 - 14) + 12.
5
Evaluate 6 - (-13 + 16 - -13).
-10
Evaluate -4 + -1 + 8 + -5 - (-7 - -3).
2
What is (4 - (-3 + (-2 - -6)) - -3) + -7?
-1
What is the value of (14 - 32) + 11 - -13?
6
What is -6 - -5 - (-1 + 7 + -7 + 1)?
-1
Evaluate 18 + 1 + -13 + 17.
23
Evaluate -11 + (23 - 11) + -2 + 10.
9
Evaluate 9 + (5 - 7) + -14 - -13.
6
What is 8 - (-4 + 10) - -16 - 8?
10
-7 - (-45 + 47 + 22)
-31
Evaluate -22 + 26 + -20 + (3 - (1 + 2)).
-16
What is the value of -18 - ((-3 - 8) + 8) - -14?
-1
Evaluate 14 + 85 + -84 + (-2 - 2).
11
-3 + -1 + -4 + (15 - (22 - 21))
6
Calculate 9 + 2 + (2 + 1 - 0).
14
Calculate -16 + (-8 - -13) + 28.
17
Calculate (-6 - (-8 + 1)) + 18.
19
Evaluate 5 - (-9 + -16 + 15 - (0 + -1)).
14
(31 - -3) + (2 - (19 + -8)) - 3
22
What is the value of 34 + -20 + -19 + 15?
10
Calculate 9 - (-24 - (12 + -1 + -16)).
28
What is the value of 22 - (-1 + -10 + (-16 - (-36 - -1)))?
14
Calculate 6 + 12 + -15 + 8 - 7 - 18.
-14
Evaluate -41 - (-44 - -19) - -21.
5
(-5 - (13 - 28)) + -2
8
Evaluate (-237 - -247) + (-6 - -1).
5
What is -5 + -12 + 9 + 7?
-1
Evaluate (8 - (-4 + (7 - 0))) + 4 + 1.
10
What is 0 + (75 - 90) + 0 + 6 + -1?
-10
What is the value of 136 + -145 + (-3 - -1) + 16 + 0?
5
What is (0 - -16) + (39 - 44) - (2 + -5)?
14
Calculate (-10 - -21 - (15 + 7)) + (1 - -20).
10
What is the value of -6 - (-7 + 2 + -10)?
9
Evaluate -20 + 14 + (4 - 1) + 3 + 8.
8
What is the value of 5 + (18 - (13 - 4) - 15)?
-1
-1 - (-5 - -2 - (-1 + -3 + -1))
-3
Evaluate (14 + -6 - -21) + (-7 - (-4 - -2)).
24
Calculate (6 - (4 - (6 + -5))) + -16 + -5.
-18
Evaluate -1 - (-17 + 8) - (8 - 0).
0
Evaluate 1 + 11 + (17 - 3 - 10).
16
Evaluate 1 + (-12 - (2 + -6) - (-2 - -9)).
-14
Calculate 1049 + -1036 - (1 - (0 + 17)).
29
Evaluate 10 + ((5 - 0) + 6 - 27).
-6
Evaluate -12 + (-14 - -14) + 1.
-11
Calculate (0 - -9 - 13) + 14 - 0.
10
What is the value of -8 - ((22 - 50) + -3)?
23
Calculate (6 + (3 - (-1 + 9)) - -4) + -16.
-11
-3 - (-5 - 2) - (4 - 6)
6
67 + -40 + (1 - 50)
-22
Calculate 12 - (-14 - (-4 + -6 + 0)).
16
23 + (-27 - -12) - 7
1
What is 7 + (-2 + 28 + -5 + -11 - 37)?
-20
Evaluate (-20 + 1 - 14) + 16.
-17
Evaluate (-1 - 20 - -11) + 0 + -11 + -7.
-28
-11 + -3 + -10 + 13
-11
Calculate -3 + 3 + -5 + 5 + 11.
11
-7 + (36 - (0 + 12))
17
What is 3 + (-8 - -13 - -5) - 7?
6
What is the value of 4 + (0 - -25) + 108 + -118?
19
Evaluate 13 - (-43 + 40 - -38).
-22
2 + (-7 + 9 - 3 - (-2 - 2))
5
What is the value of (1 - -1) + (111 + -113 - (1 - -1))?
-2
Calculate 8 - -11 - 4 - 7.
8
What is the value of (-12 - 3) + 22 + 16 - -1?
24
Calculate 1 + 11 + -9 + (-14 - -26) + -9.
6
Calculate (-38 + 44 - (-2 - -9)) + -6.
-7
(14 - (22 + -12)) + (-6 - -1)
-1
(-3 - (-6 + -4 + 0 + 2)) + 6
11
What is 8 - 63 - -15 - -31?
-9
What is -2 - -4 - (-